{"id":21,"date":"2011-04-29T08:29:56","date_gmt":"2011-04-29T08:29:56","guid":{"rendered":"https:\/\/jakobsweg-2011.4kmh.de\/?page_id=21"},"modified":"2011-04-30T08:38:01","modified_gmt":"2011-04-30T08:38:01","slug":"vorbereitung","status":"publish","type":"page","link":"https:\/\/jakobsweg-2011.4kmh.de\/?page_id=21","title":{"rendered":"2. Vorbereitung"},"content":{"rendered":"<p>Die Idee &#8222;mal&#8220; auf dem Jakobsweg zu pilgern habe ich schon seit Jahren. Doch die konktete Absicht und Planung kam erst im Jahr 2010 zustande. 2010\u00a0war ein &#8222;Heiliges\u00a0Compostelanisches Jahr&#8220;. In so einem &#8222;Heiligen Jahr&#8220; f\u00e4llt der 25. Juli auf einen Sonntag. N\u00e4heres dazu ist unter\u00a0-Links- zu finden. Es sei nur soviel gesagt, dass in diesen Jahren besonders viele Pilger unterwegs sind. Und das war\u00a0einer der Gr\u00fcnde f\u00fcr mich bis 2011 zu warten.<\/p>\n<p>F\u00fcr die Vorbereitung finde ich es \u00e4u\u00dferst sinnvoll, eine\u00a0&#8222;angemessene&#8220; Ausr\u00fcstung (wenn noch nicht vorhanden, dann am Besten in einem entsprechenden Fachgesch\u00e4ft kaufen)\u00a0zusammenzustellen und sich auch fr\u00fchzeitig zu konditionieren (entsprechende Hinweise und Infos gibt es unz\u00e4hlige\u00a0im Internet und z.B. in den Wanderf\u00fchrern zum Jakobsweg. Ob meine Vorbereitungen gut waren, wird sich dann in den n\u00e4chsten Wochen zeigen.<\/p>\n<p>Detailierte Fragen zum Thema, beantworte ich gerne &#8211; soweit ich kann.<\/p>\n","protected":false},"excerpt":{"rendered":"<p>Die Idee &#8222;mal&#8220; auf dem Jakobsweg zu pilgern habe ich schon seit Jahren. Doch die konktete Absicht und Planung kam erst im Jahr 2010 zustande. 2010\u00a0war ein &#8222;Heiliges\u00a0Compostelanisches Jahr&#8220;. In so einem &#8222;Heiligen Jahr&#8220; f\u00e4llt der 25. Juli auf einen &hellip; <a href=\"https:\/\/jakobsweg-2011.4kmh.de\/?page_id=21\">Weiterlesen <span class=\"meta-nav\">&rarr;<\/span><\/a><\/p>\n","protected":false},"author":3,"featured_media":0,"parent":0,"menu_order":0,"comment_status":"open","ping_status":"closed","template":"","meta":[],"_links":{"self":[{"href":"https:\/\/jakobsweg-2011.4kmh.de\/index.php?rest_route=\/wp\/v2\/pages\/21"}],"collection":[{"href":"https:\/\/jakobsweg-2011.4kmh.de\/index.php?rest_route=\/wp\/v2\/pages"}],"about":[{"href":"https:\/\/jakobsweg-2011.4kmh.de\/index.php?rest_route=\/wp\/v2\/types\/page"}],"author":[{"embeddable":true,"href":"https:\/\/jakobsweg-2011.4kmh.de\/index.php?rest_route=\/wp\/v2\/users\/3"}],"replies":[{"embeddable":true,"href":"https:\/\/jakobsweg-2011.4kmh.de\/index.php?rest_route=%2Fwp%2Fv2%2Fcomments&post=21"}],"version-history":[{"count":8,"href":"https:\/\/jakobsweg-2011.4kmh.de\/index.php?rest_route=\/wp\/v2\/pages\/21\/revisions"}],"predecessor-version":[{"id":38,"href":"https:\/\/jakobsweg-2011.4kmh.de\/index.php?rest_route=\/wp\/v2\/pages\/21\/revisions\/38"}],"wp:attachment":[{"href":"https:\/\/jakobsweg-2011.4kmh.de\/index.php?rest_route=%2Fwp%2Fv2%2Fmedia&parent=21"}],"curies":[{"name":"wp","href":"https:\/\/api.w.org\/{rel}","templated":true}]}}